[INFO] cloning repository https://github.com/Haggus/actix-web-test-repo
[INFO] running `Command { std: "git" "-c" "credential.helper=" "-c" "credential.helper=/workspace/cargo-home/bin/git-credential-null" "clone" "--bare" "https://github.com/Haggus/actix-web-test-repo" "/workspace/cache/git-repos/https%3A%2F%2Fgithub.com%2FHaggus%2Factix-web-test-repo", kill_on_drop: false }`
[INFO] [stderr] Cloning into bare repository '/workspace/cache/git-repos/https%3A%2F%2Fgithub.com%2FHaggus%2Factix-web-test-repo'...
[INFO] running `Command { std: "git" "rev-parse" "HEAD", kill_on_drop: false }`
[INFO] [stdout] 3c5471ded58d70ecb39311ef8d35394889fa2a30
[INFO] checking Haggus/actix-web-test-repo against try#72f88fc4e9458f89516a0b8b0868f3718aec5b47 for pr-74989
[INFO] running `Command { std: "git" "clone" "/workspace/cache/git-repos/https%3A%2F%2Fgithub.com%2FHaggus%2Factix-web-test-repo" "/workspace/builds/worker-2/source", kill_on_drop: false }`
[INFO] [stderr] Cloning into '/workspace/builds/worker-2/source'...
[INFO] [stderr] done.
[INFO] validating manifest of git repo https://github.com/Haggus/actix-web-test-repo on toolchain 72f88fc4e9458f89516a0b8b0868f3718aec5b47
[INFO] running `Command { std: "/workspace/cargo-home/bin/cargo" "+72f88fc4e9458f89516a0b8b0868f3718aec5b47" "read-manifest" "--manifest-path" "Cargo.toml", kill_on_drop: false }`
[INFO] started tweaking git repo https://github.com/Haggus/actix-web-test-repo
[INFO] finished tweaking git repo https://github.com/Haggus/actix-web-test-repo
[INFO] tweaked toml for git repo https://github.com/Haggus/actix-web-test-repo written to /workspace/builds/worker-2/source/Cargo.toml
[INFO] crate git repo https://github.com/Haggus/actix-web-test-repo already has a lockfile, it will not be regenerated
[INFO] running `Command { std: "/workspace/cargo-home/bin/cargo" "+72f88fc4e9458f89516a0b8b0868f3718aec5b47" "fetch" "--locked" "--manifest-path" "Cargo.toml", kill_on_drop: false }`
[INFO] [stderr]  Downloading crates ...
[INFO] [stderr]   Downloaded quoted-string v0.2.2
[INFO] [stderr]   Downloaded mime v0.3.10
[INFO] running `Command { std: "docker" "create" "-v" "/var/lib/crater-agent-workspace/builds/worker-2/target:/opt/rustwide/target:rw,Z" "-v" "/var/lib/crater-agent-workspace/builds/worker-2/source:/opt/rustwide/workdir:ro,Z" "-v" "/var/lib/crater-agent-workspace/cargo-home:/opt/rustwide/cargo-home:ro,Z" "-v" "/var/lib/crater-agent-workspace/rustup-home:/opt/rustwide/rustup-home:ro,Z" "-e" "SOURCE_DIR=/opt/rustwide/workdir" "-e" "CARGO_TARGET_DIR=/opt/rustwide/target" "-e" "CARGO_HOME=/opt/rustwide/cargo-home" "-e" "RUSTUP_HOME=/opt/rustwide/rustup-home" "-w" "/opt/rustwide/workdir" "-m" "1610612736" "--user" "0:0" "--network" "none" "rustops/crates-build-env@sha256:d92eaeed33fa75130ca1ee6c8a01d1ffb62bac859dfdfb3450e3e5d1c0146529" "/opt/rustwide/cargo-home/bin/cargo" "+72f88fc4e9458f89516a0b8b0868f3718aec5b47" "metadata" "--no-deps" "--format-version=1", kill_on_drop: false }`
[INFO] [stdout] 0edd18b5ff129aae09ca361a27dc5fc8f5b044534c0aec609770d50c89e9a515
[INFO] [stderr] WARNING: Your kernel does not support swap limit capabilities or the cgroup is not mounted. Memory limited without swap.
[INFO] running `Command { std: "docker" "start" "-a" "0edd18b5ff129aae09ca361a27dc5fc8f5b044534c0aec609770d50c89e9a515", kill_on_drop: false }`
[INFO] running `Command { std: "docker" "inspect" "0edd18b5ff129aae09ca361a27dc5fc8f5b044534c0aec609770d50c89e9a515", kill_on_drop: false }`
[INFO] running `Command { std: "docker" "rm" "-f" "0edd18b5ff129aae09ca361a27dc5fc8f5b044534c0aec609770d50c89e9a515", kill_on_drop: false }`
[INFO] [stdout] 0edd18b5ff129aae09ca361a27dc5fc8f5b044534c0aec609770d50c89e9a515
[INFO] running `Command { std: "docker" "create" "-v" "/var/lib/crater-agent-workspace/builds/worker-2/target:/opt/rustwide/target:rw,Z" "-v" "/var/lib/crater-agent-workspace/builds/worker-2/source:/opt/rustwide/workdir:ro,Z" "-v" "/var/lib/crater-agent-workspace/cargo-home:/opt/rustwide/cargo-home:ro,Z" "-v" "/var/lib/crater-agent-workspace/rustup-home:/opt/rustwide/rustup-home:ro,Z" "-e" "SOURCE_DIR=/opt/rustwide/workdir" "-e" "CARGO_TARGET_DIR=/opt/rustwide/target" "-e" "CARGO_INCREMENTAL=0" "-e" "RUST_BACKTRACE=full" "-e" "RUSTFLAGS=--cap-lints=forbid" "-e" "CARGO_HOME=/opt/rustwide/cargo-home" "-e" "RUSTUP_HOME=/opt/rustwide/rustup-home" "-w" "/opt/rustwide/workdir" "-m" "1610612736" "--user" "0:0" "--network" "none" "rustops/crates-build-env@sha256:d92eaeed33fa75130ca1ee6c8a01d1ffb62bac859dfdfb3450e3e5d1c0146529" "/opt/rustwide/cargo-home/bin/cargo" "+72f88fc4e9458f89516a0b8b0868f3718aec5b47" "check" "--frozen" "--all" "--all-targets" "--message-format=json", kill_on_drop: false }`
[INFO] [stdout] 26f61c6396b49138dc4e855235376ae502a12a08eb55e56b3e0c968d70b01d24
[INFO] [stderr] WARNING: Your kernel does not support swap limit capabilities or the cgroup is not mounted. Memory limited without swap.
[INFO] running `Command { std: "docker" "start" "-a" "26f61c6396b49138dc4e855235376ae502a12a08eb55e56b3e0c968d70b01d24", kill_on_drop: false }`
[INFO] [stderr]     Checking cfg-if v0.1.5
[INFO] [stderr]     Checking futures v0.1.25
[INFO] [stderr]     Checking rand_core v0.3.0
[INFO] [stderr]     Checking byteorder v1.2.6
[INFO] [stderr]    Compiling semver-parser v0.7.0
[INFO] [stderr]     Checking stable_deref_trait v1.1.1
[INFO] [stderr]     Checking encoding_index_tests v0.1.4
[INFO] [stderr]    Compiling winapi-build v0.1.1
[INFO] [stderr]     Checking nodrop v0.1.12
[INFO] [stderr]     Checking percent-encoding v1.0.1
[INFO] [stderr]     Checking winapi v0.2.8
[INFO] [stderr]    Compiling failure_derive v0.1.2
[INFO] [stderr]    Compiling backtrace v0.2.3
[INFO] [stderr]    Compiling siphasher v0.2.3
[INFO] [stderr]     Checking linked-hash-map v0.4.2
[INFO] [stderr]     Checking itoa v0.4.3
[INFO] [stderr]     Checking fnv v1.0.6
[INFO] [stderr]     Checking untrusted v0.6.2
[INFO] [stderr]    Compiling httparse v1.3.3
[INFO] [stderr]     Checking bitflags v1.0.4
[INFO] [stderr]     Checking indexmap v1.0.1
[INFO] [stderr]     Checking string v0.1.1
[INFO] [stderr]     Checking utf8-ranges v1.0.1
[INFO] [stderr]     Checking dtoa v0.4.3
[INFO] [stderr]     Checking htmlescape v0.3.1
[INFO] [stderr]     Checking iovec v0.1.2
[INFO] [stderr]     Checking num_cpus v1.8.0
[INFO] [stderr]     Checking hostname v0.1.5
[INFO] [stderr]    Compiling unicase v1.4.2
[INFO] [stderr]    Compiling unicase v2.2.0
[INFO] [stderr]    Compiling memchr v2.1.0
[INFO] [stderr]    Compiling actix-web v0.7.13
[INFO] [stderr]    Compiling ring v0.13.2
[INFO] [stderr]    Compiling brotli-sys v0.3.2
[INFO] [stderr]    Compiling miniz-sys v0.1.10
[INFO] [stderr]     Checking quoted-string v0.2.2
[INFO] [stderr]     Checking owning_ref v0.3.3
[INFO] [stderr]     Checking log v0.4.5
[INFO] [stderr]     Checking net2 v0.2.33
[INFO] [stderr]     Checking socket2 v0.3.8
[INFO] [stderr]     Checking arrayvec v0.4.7
[INFO] [stderr]     Checking regex-syntax v0.6.2
[INFO] [stderr]    Compiling regex v1.0.5
[INFO] [stderr]     Checking encoding-index-simpchinese v1.20141219.5
[INFO] [stderr]     Checking encoding-index-singlebyte v1.20141219.5
[INFO] [stderr]     Checking encoding-index-tradchinese v1.20141219.5
[INFO] [stderr]     Checking encoding-index-japanese v1.20141219.5
[INFO] [stderr]     Checking encoding-index-korean v1.20141219.5
[INFO] [stderr]    Compiling dbghelp-sys v0.2.0
[INFO] [stderr]    Compiling kernel32-sys v0.2.2
[INFO] [stderr]     Checking rand_core v0.2.2
[INFO] [stderr]     Checking lru-cache v0.1.1
[INFO] [stderr]    Compiling semver v0.9.0
[INFO] [stderr]     Checking base64 v0.9.3
[INFO] [stderr]     Checking smallvec v0.6.5
[INFO] [stderr]     Checking bytes v0.4.10
[INFO] [stderr]     Checking idna v0.1.5
[INFO] [stderr]    Compiling proc-macro2 v0.4.20
[INFO] [stderr]     Checking resolv-conf v0.6.1
[INFO] [stderr]     Checking lock_api v0.1.4
[INFO] [stderr]     Checking rand v0.5.5
[INFO] [stderr]     Checking mio v0.6.16
[INFO] [stderr]     Checking serde_json v1.0.32
[INFO] [stderr]     Checking crossbeam-epoch v0.5.2
[INFO] [stderr]     Checking crossbeam-epoch v0.6.0
[INFO] [stderr]     Checking thread_local v0.3.6
[INFO] [stderr]     Checking backtrace v0.3.9
[INFO] [stderr]     Checking encoding v0.2.33
[INFO] [stderr]    Compiling rustc_version v0.2.3
[INFO] [stderr]     Checking http v0.1.13
[INFO] [stderr]     Checking mime v0.3.10
[INFO] [stderr]     Checking aho-corasick v0.6.8
[INFO] [stderr]    Compiling phf_shared v0.7.23
[INFO] [stderr]     Checking crossbeam-deque v0.6.1
[INFO] [stderr]    Compiling quote v0.6.8
[INFO] [stderr]     Checking tokio-executor v0.1.5
[INFO] [stderr]     Checking tokio-io v0.1.9
[INFO] [stderr]     Checking tower-service v0.1.0
[INFO] [stderr]     Checking futures-cpupool v0.1.8
[INFO] [stderr]     Checking flate2 v1.0.3
[INFO] [stderr]     Checking mio-uds v0.6.7
[INFO] [stderr]     Checking phf v0.7.23
[INFO] [stderr]    Compiling syn v0.14.9
[INFO] [stderr]     Checking tokio-timer v0.2.7
[INFO] [stderr]     Checking tokio-current-thread v0.1.3
[INFO] [stderr]     Checking error-chain v0.1.12
[INFO] [stderr]     Checking url v1.7.1
[INFO] [stderr]    Compiling parking_lot_core v0.3.1
[INFO] [stderr]     Checking tokio-threadpool v0.1.7
[INFO] [stderr]     Checking uuid v0.7.1
[INFO] [stderr]     Checking tokio-codec v0.1.1
[INFO] [stderr]    Compiling phf_generator v0.7.23
[INFO] [stderr]    Compiling phf_codegen v0.7.23
[INFO] [stderr]    Compiling mime_guess v2.0.0-alpha.6
[INFO] [stderr]     Checking tokio-fs v0.1.3
[INFO] [stderr]     Checking serde_urlencoded v0.5.3
[INFO] [stderr]     Checking parking_lot v0.6.4
[INFO] [stderr]     Checking tokio-reactor v0.1.6
[INFO] [stderr]     Checking crossbeam-channel v0.2.6
[INFO] [stderr]     Checking tokio-udp v0.1.2
[INFO] [stderr]     Checking tokio-tcp v0.1.2
[INFO] [stderr]     Checking tokio-uds v0.2.2
[INFO] [stderr]     Checking tokio-signal v0.2.5
[INFO] [stderr]     Checking h2 v0.1.12
[INFO] [stderr]     Checking trust-dns-proto v0.4.3
[INFO] [stderr]     Checking tokio v0.1.11
[INFO] [stderr]     Checking cookie v0.11.0
[INFO] [stderr]     Checking trust-dns-resolver v0.9.1
[INFO] [stderr]     Checking brotli2 v0.3.2
[INFO] [stderr]    Compiling synstructure v0.9.0
[INFO] [stderr]    Compiling actix_derive v0.3.0
[INFO] [stderr]     Checking failure v0.1.2
[INFO] [stderr]     Checking trust-dns-proto v0.5.0-alpha.3
[INFO] [stderr]     Checking actix v0.7.5
[INFO] [stderr]     Checking trust-dns-resolver v0.10.0-alpha.3
[INFO] [stderr]     Checking actix-net v0.1.1
[INFO] [stdout] error[E0599]: no method named `as_str` found for struct `mime::Value<'_>` in the current scope
[INFO] [stdout]   --> /opt/rustwide/cargo-home/registry/src/github.com-1ecc6299db9ec823/actix-web-0.7.13/src/httpmessage.rs:61:71
[INFO] [stdout]    |
[INFO] [stdout] 61 |                 if let Some(enc) = encoding_from_whatwg_label(charset.as_str()) {
[INFO] [stdout]    |                                                                       ^^^^^^ method not found in `mime::Value<'_>`
[INFO] [stdout] 
[INFO] [stdout] 
[INFO] [stdout] error[E0599]: no method named `as_str` found for struct `mime::Value<'_>` in the current scope
[INFO] [stdout]   --> /opt/rustwide/cargo-home/registry/src/github.com-1ecc6299db9ec823/actix-web-0.7.13/src/multipart.rs:72:37
[INFO] [stdout]    |
[INFO] [stdout] 72 |                         Ok(boundary.as_str().to_owned())
[INFO] [stdout]    |                                     ^^^^^^ method not found in `mime::Value<'_>`
[INFO] [stdout] 
[INFO] [stdout] 
[INFO] [stdout] error[E0599]: no method named `as_str` found for struct `mime::Value<'_>` in the current scope
[INFO] [stdout]    --> /opt/rustwide/cargo-home/registry/src/github.com-1ecc6299db9ec823/actix-web-0.7.13/src/multipart.rs:337:44
[INFO] [stdout]     |
[INFO] [stdout] 337 |                         boundary: boundary.as_str().to_owned(),
[INFO] [stdout]     |                                            ^^^^^^ method not found in `mime::Value<'_>`
[INFO] [stdout] 
[INFO] [stdout] 
[INFO] [stdout] error: aborting due to 3 previous errors
[INFO] [stdout] 
[INFO] [stdout] 
[INFO] [stdout] For more information about this error, try `rustc --explain E0599`.
[INFO] [stdout] 
[INFO] [stderr] error: could not compile `actix-web`.
[INFO] [stderr] 
[INFO] [stderr] To learn more, run the command again with --verbose.
[INFO] running `Command { std: "docker" "inspect" "26f61c6396b49138dc4e855235376ae502a12a08eb55e56b3e0c968d70b01d24", kill_on_drop: false }`
[INFO] running `Command { std: "docker" "rm" "-f" "26f61c6396b49138dc4e855235376ae502a12a08eb55e56b3e0c968d70b01d24", kill_on_drop: false }`
[INFO] [stdout] 26f61c6396b49138dc4e855235376ae502a12a08eb55e56b3e0c968d70b01d24
